of 2038?
False
Does 60 divide 8102?
False
Does 385 divide 4620?
True
Is 9 a factor of 1808?
False
Is 5121 a multiple of 35?
False
Does 238 divide 4284?
True
Is 14 a factor of 197?
False
Is 2945 a multiple of 31?
True
Is 52318 a multiple of 7?
True
Is 31 a factor of 8575?
False
Is 3982 a multiple of 11?
True
Is 15256 a multiple of 12?
False
Is 336 a factor of 12096?
True
Is 10 a factor of 5329?
False
Does 28 divide 11844?
True
Is 2431 a multiple of 2?
False
Does 84 divide 4048?
False
Does 8 divide 9107?
False
Is 24384 a multiple of 217?
False
Does 25 divide 5650?
True
Is 1271 a multiple of 31?
True
Is 37 a factor of 329?
False
Does 53 divide 13718?
False
Does 16 divide 4944?
True
Does 3 divide 1367?
False
Is 44 a factor of 712?
False
Is 626 a multiple of 30?
False
Is 66 a factor of 2241?
False
Does 6 divide 690?
True
Does 7 divide 357?
True
Does 44 divide 308?
True
Is 1930 a multiple of 94?
False
Is 18043 a multiple of 5?
False
Does 26 divide 416?
True
Is 21 a factor of 2065?
False
Does 89 divide 3471?
True
Is 45368 a multiple of 48?
False
Is 17 a factor of 505?
False
Is 27 a factor of 8983?
False
Does 23 divide 58?
False
Does 52 divide 1183?
False
Is 68692 a multiple of 15?
False
Is 6 a factor of 1138?
False
Does 81 divide 810?
True
Does 40 divide 542?
False
Does 10 divide 160?
True
Is 751 a multiple of 36?
False
Is 6 a factor of 6558?
True
Is 27702 a multiple of 56?
False
Does 10 divide 240?
True
Is 30 a factor of 6496?
False
Is 41130 a multiple of 9?
True
Is 14 a factor of 1858?
False
Does 9 divide 158?
False
Is 407 a multiple of 15?
False
Is 1469 a multiple of 12?
False
Is 100 a multiple of 12?
False
Is 656 a multiple of 2?
True
Does 14 divide 4466?
True
Does 230 divide 21390?
True
Does 86 divide 2164?
False
Is 130 a multiple of 83?
False
Is 37 a multiple of 37?
True
Is 30744 a multiple of 15?
False
Does 13 divide 1036?
False
Is 6446 a multiple of 51?
False
Does 7 divide 434?
True
Does 43 divide 1213?
False
Is 1876 a multiple of 134?
True
Is 2407 a multiple of 29?
True
Is 1094 a multiple of 34?
False
Is 24 a factor of 1626?
False
Does 23 divide 5658?
True
Does 3 divide 2833?
False
Is 7656 a multiple of 8?
True
Is 3 a factor of 69?
True
Is 647 a multiple of 41?
False
Is 43 a factor of 4998?
False
Is 493 a multiple of 8?
False
Is 10 a factor of 220?
True
Is 1651 a multiple of 21?
False
Is 45885 a multiple of 105?
True
Is 1008 a multiple of 43?
False
Does 20 divide 4296?
False
Does 16 divide 9570?
False
Is 12 a factor of 156?
True
Does 144 divide 6768?
True
Does 11 divide 14714?
False
Does 19 divide 7835?
False
Is 6058 a multiple of 16?
False
Is 67230 a multiple of 10?
True
Is 2376 a multiple of 44?
True
Is 766 a multiple of 8?
False
Does 67 divide 2042?
False
Is 6133 a multiple of 3?
False
Is 96 a multiple of 24?
True
Is 210 a multiple of 7?
True
Is 828 a multiple of 48?
False
Is 1484 a multiple of 14?
True
Is 387 a multiple of 38?
False
Does 5 divide 121?
False
Does 64 divide 1088?
True
Does 136 divide 6392?
True
Does 3 divide 24?
True
Is 80941 a multiple of 17?
False
Is 3663 a multiple of 154?
False
Does 101 divide 7373?
True
Is 20 a factor of 126660?
True
Does 334 divide 47839?
False
Is 33 a multiple of 3?
True
Does 44 divide 1364?
True
Is 14 a factor of 574?
True
Is 41 a factor of 10250?
True
Does 42 divide 54894?
True
Is 555 a multiple of 6?
False
Is 19 a factor of 1881?
True
Is 71 a factor of 6248?
True
Does 46 divide 14178?
False
Is 35 a factor of 12799?
False
Does 348 divide 54636?
True
Is 14 a factor of 6829?
False
Is 26 a factor of 1820?
True
Is 75852 a multiple of 63?
True
Is 11526 a multiple of 15?
False
Is 8 a factor of 1880?
True
Is 35 a factor of 10468?
False
Is 4494 a multiple of 32?
False
Is 24925 a multiple of 32?
False
Does 13 divide 21814?
True
Is 101 a factor of 2222?
True
Is 8555 a multiple of 16?
False
Is 3704 a multiple of 10?
False
Is 13 a factor of 875?
False
Is 23 a factor of 9821?
True
Is 19792 a multiple of 8?
True
Does 17 divide 2904?
False
Is 160 a multiple of 8?
True
Does 69 divide 2070?
True
Is 4837 a multiple of 11?
False
Is 16819 a multiple of 139?
True
Is 3010 a multiple of 5?
True
Does 79 divide 4108?
True
Does 19 divide 342?
True
Does 50 divide 16000?
True
Is 52 a factor of 942?
False
Does 174 divide 24118?
False
Is 31 a factor of 4191?
False
Is 141 a multiple of 3?
True
Is 222 a multiple of 37?
True
Does 58 divide 2146?
True
Does 6 divide 59658?
True
Does 29 divide 6467?
True
Does 138 divide 23584?
False
Is 1353 a multiple of 11?
True
Does 7 divide 924?
True
Is 29 a factor of 754?
True
Does 4 divide 156?
True
Does 46 divide 10438?
False
Is 71 a factor of 1773?
False
Does 17 divide 1411?
True
Is 9 a factor of 1981?
False
Does 6 divide 3756?
True
Is 50 a factor of 5450?
True
Is 1575 a multiple of 9?
True
Is 17416 a multiple of 45?
False
Does 30 divide 1380?
True
Does 28 divide 1142?
False
Is 30726 a multiple of 27?
True
Is 11 a factor of 165?
True
Is 18096 a multiple of 26?
True
Is 92 a factor of 828?
True
Does 8 divide 9898?
False
Does 46 divide 39909?
False
Is 2000 a multiple of 13?
False
Is 861 a multiple of 7?
True
Is 14976 a multiple of 12?
True
Does 5 divide 45?
True
Does 23 divide 65?
False
Is 12 a factor of 264?
True
Does 111 divide 7664?
False
Does 6 divide 4999?
False
Does 3 divide 7643?
False
Does 179 divide 60206?
False
Does 18 divide 14037?
False
Is 78 a factor of 6240?
True
Is 17271 a multiple of 172?
False
Is 64 a factor of 3904?
True
Is 252 a multiple of 63?
True
Is 96 a factor of 2604?
False
Is 364 a multiple of 13?
True
Is 17078 a multiple of 129?
False
Is 3776 a multiple of 8?
True
Does 36 divide 17718?
False
Is 3 a multiple of 3?
True
Is 38178 a multiple of 202?
True
Is 10252 a multiple of 30?
False
Does 12 divide 170?
False
Does 39 divide 7770?
False
Does 108 divide 8109?
False
Is 1292 a multiple of 3?
False
Is 2365 a multiple of 11?
True
Does 12 divide 1496?
False
Is 41 a factor of 9922?
True
Is 5 a factor of 497?
False
Is 2240 a multiple of 37?
False
Is 5891 a multiple of 43?
True
Is 9 a factor of 4761?
True
Is 199 a multiple of 38?
False
Is 104 a factor of 36291?
False
Is 60 a factor of 7230?
False
Is 20 a factor of 1061?
False
Is 51 a factor of 1652?
False
Does 12 divide 4379?
False
Is 1065 a multiple of 3?
True
Does 34 divide 5764?
False
Does 34 divide 1666?
True
Is 3 a factor of 421?
False
Does 32 divide 928?
True
Does 9 divide 978?
False
Does 30 divide 3420?
True
Does 20 divide 1679?
False
Is 45 a factor of 5758?
False
Is 2122 a multiple of 12?
False
Does 16 divide 80?
True
Is 269 a factor of 24899?
False
Does 7 divide 155?
False
Is 50 a factor of 12350?
True
Is 5 a factor of 1134?
False
Does 45 divide 32445?
True
Is 4464 a multiple of 24?
True
Is 58704 a multiple of 5?
False
Does 30 divide 1157?
False
Is 11 a factor of 571?
False
Is 259 a multiple of 41?
False
Does 97 divide 42364?
False
Is 36 a factor of 6712?
False
Does 39 divide 702?
True
Does 71 divide 18223?
False
Is 11932 a multiple of 100?
False
Does 16 divide 496?
True
Is 688 a multiple of 24?
False
Is 10 a factor of 1960?
True
Does 33 divide 20624?
False
Does 46 divide 690?
True
Does 11 divide 24867?
False
Is 81 even?
False
Does 16 divide 992?
True
Does 19 divide 9842?
True
Is 13 a factor of 3887?
True
Is 55 a factor of 4235?
True
Is 29920 a multiple of 16?
True
Does 26 divide 8970?
True
Is 17 a factor of 159?
False
Is 43 a factor of 1204?
True
Is 3192 a multiple of 133?
True
Is 26436 a multiple of 12?
True
Is 7 a factor of 896?
True
Does 49 divide 1723?
False
Is 26 a factor of 16863?
False
Is 11 a factor of 14519?
False
Is 6379 a multiple of 15?
False
Is 191 a multiple of 7?
False
Does 55 divide 15511?
False
Is 78179 a multiple of 27?
False
Is 304 a multiple of 8?
True
Is 620 a multiple of 10?
True
Is 798 a multiple of 19?
True
Does 7 divide 1582?
True
Does 4 divide 8360?
True
Does 19 divide 28709?
True
Is 13 a factor of 208?
True
Does 38 divide 152?
True
Does 11 divide 759?
True
Is 13 a factor of 832?
True
Is 652 a multiple of 5?
False
Does 24 divide 30?
False
Is 97 a factor of 1261?
True
Is 32984 a multiple of 19?
True
Is 30 a factor of 1567?
False
Is 18 a factor of 96858?
True
Is 167 a factor of 26052?
True
Is 8 a factor of 115870?
False
Is 19 a factor of 456?
True
Is 110 a factor of 1100?
True
Is 52 a factor 